t of g(30)?
0
Let f = 885 + 2341. What is the thousands digit of f?
3
What is the tens digit of -10497*((-8)/12)/(-7 + 9)?
9
Let p(x) = 6*x**2 - 9*x - 19. Let s be p(-4). Suppose 2*m - s = m. Let a = m + 14. What is the tens digit of a?
2
Let c(m) = -2*m**2 + 36*m + 38. Let o be c(19). Suppose o = 7*k - 739 - 1109. What is the tens digit of k?
6
Let x = 4417 + -1431. What is the tens digit of x?
8
Suppose -45*s + 106*s - 1061721 - 203236 = 0. What is the ten thousands digit of s?
2
Let m = 19482 - -58280. What is the tens digit of m?
6
Let y be ((-1576470)/(-24))/7 - 2/(-8). Suppose j + 11*j - y = 0. What is the units digit of j?
2
Let g = 6282 - -22876. What is the tens digit of g?
5
Let l(a) = 804*a**3 + 8*a**2 - 21*a + 17. What is the hundreds digit of l(2)?
4
What is the hundreds digit of ((-4603)/(-8))/((297/(-72))/(-33))?
6
Suppose 61*g + 12710 = 71453. What is the units digit of g?
3
What is the tens digit of ((-176)/704)/((-1)/26076)?
1
Let b = 27 + -23. Let j be (8/2)/b + 39. Suppose 4*h = 8*h - 16, 5*f = -5*h + j. What is the units digit of f?
4
Let w(o) = 6*o + 13*o - 17*o. Let i be ((-56)/(-35))/(2/20). What is the tens digit of w(i)?
3
Let h(q) = -587*q**3 + 18*q + 33. What is the thousands digit of h(-3)?
5
Suppose o + 2*l + 5 + 5 = 0, 0 = 3*o + l + 15. Suppose -18*z = -17*z - 4, -100 = 5*g + 5*z. What is the tens digit of (o/(g/315))/(3/12)?
1
Let s(b) = -37*b - 250. What is the hundreds digit of s(-34)?
0
Suppose -3*p - 2*z + 5 = 0, 4*z + 7 = p + 2*z. Suppose 689 = 2*l - 3*h, 691 + 344 = p*l - 4*h. What is the hundreds digit of l?
3
Suppose -q - 146 = -5*a, -2*q - 4 = -12. Suppose -4309 = a*u - 20599. What is the units digit of u?
3
Suppose -64*a + 2099940 = 25*a + 4*a. What is the ten thousands digit of a?
2
Let o(k) be the third derivative of k**6/120 - 3*k**5/20 - 5*k**4/24 - 14*k**3/3 + 52*k**2. Let z be o(9). What is the units digit of (z - 6)*(1 + -2)?
9
Let w be 60*(-77)/56*-4. Let t be 18 - (1 + -2 + 2). Suppose t*b = 20*b - w. What is the hundreds digit of b?
1
Suppose 0 = 5*i - 58*w + 60*w - 99653, 3*i - 59779 = 2*w. What is the units digit of i?
9
Let z = -30 - -433. Suppose 104 = 9*i - 4*i + 47*i. Suppose -2*c = -4*r - 206, 4*c + 3*r - i*r - z = 0. What is the hundreds digit of c?
1
Let a(v) = -v**3 - 7*v**2 + 15*v + 29. Suppose -5*u - 2*z = 59, 4*z = -5*u - 0*z - 63. What is the tens digit of a(u)?
4
Let t = 60401 + -34943. What is the hundreds digit of t?
4
Suppose -3325540 = -47*a - 46*a + 8*a. What is the ten thousands digit of a?
3
Let x be -2 + (12/2 - 1). Let s(b) = -b**3 + 20*b - 33. Let g be s(3). Suppose -5*w + g*w = 0, -4*w + 762 = x*j. What is the units digit of j?
4
Let t = 8071 - 5009. What is the units digit of t?
2
Suppose -268*i + 30 = -273*i, -o + 4*i + 20967 = 0. What is the tens digit of o?
4
Suppose -28 - 4 = -w. Suppose -11*f = -9*f - w. What is the units digit of (1/((-15)/(-24)))/(f/440)?
4
Suppose -17*o + 11*o + 148800 = 0. Suppose -12*m - 4*m + o = 0. Suppose 10*t - m = 750. What is the units digit of t?
0
Suppose 0 = 2*y - 6*y + 36. Suppose y*z = 3*z + 3054. Suppose -z = -7*m + 156. What is the tens digit of m?
9
Suppose 2*r - 31 - 5 = 0. Let w be r/(-6) + -2*1. Let g(a) = 7*a**2 + 6*a + 11. What is the hundreds digit of g(w)?
1
Let f be (-2)/(-8) + (3 - (-16291)/(-44)). What is the hundreds digit of 2/((-2)/f) - 4?
3
Let j(v) = 3*v - 25. Let b be j(10). Suppose b*p - 8*p = 4*w - 287, -5*p + 5*w + 490 = 0. What is the tens digit of -1 + p - (-9 + 9)?
9
What is the tens digit of (555/12 + 5)/((-4)/(-176))?
5
Let u(o) = 49*o - 4 - 5 + 0*o**2 + 8 + 5*o**2. What is the tens digit of u(-11)?
6
Let i be 6/4*-24*4/(-18). Let k be 1/((-14)/i - -2). Suppose 5*b - 34 = -f, -5*b - 53 = -k*f + 58. What is the tens digit of f?
2
Let c be ((1 - 2)*-1)/((-32)/(-160)). Suppose -2*u - 65 = 3*u - 5*d, c*u - 4*d = -62. What is the units digit of u*(48/(-15) - -2)?
2
Let j = -98 - -102. Suppose -3 = -3*c, -12*n + 10*n + 900 = -j*c. What is the units digit of n?
2
Let x be 0 - 4 - (64/(-8) + -262). Suppose 2996 - x = 13*s. What is the units digit of s?
0
Let i = -83 - -50. Let j = i - -31. What is the units digit of (j/(-4))/(1/154)?
7
Let n = 1682 + -110. What is the tens digit of n?
7
What is the units digit of ((-154)/(-56))/(12/24816)?
7
Let p = -82 + 84. Let d(r) = r**p - 7*r**2 + r + 3*r**2 - 8 + r**3 + r**2. What is the tens digit of d(5)?
7
Let l(h) = 3014*h**2 + 3019*h**2 + 11*h + 31 - 6030*h**2. What is the tens digit of l(-5)?
5
Suppose 46*d = 3*d - 1720. Let m = -6 - d. What is the tens digit of m?
3
Suppose 6*z + 5*g + 17 = 4*z, 0 = -z - 3*g - 11. Suppose -4*a - 1328 = -z*i, 5*i - 3*a - 539 = 1117. What is the hundreds digit of i?
3
Suppose 67*m - 555719 = 1233382. What is the hundreds digit of m?
7
Let t(s) = s**3 + 20*s**2 - 70*s - 6. Let a be t(-23). Suppose a*f - 466 = 1030. What is the tens digit of f?
8
Let r = -5009 + 9947. What is the thousands digit of r?
4
Suppose -3*v + 6*p + 1131 = 3*p, 357 = v - 5*p. What is the hundreds digit of v?
3
Let d(k) = -3*k - 31. Let h be (22/(-6))/((-3)/(-9)). Let r be d(h). Suppose -r*g + 5 = -235. What is the units digit of g?
0
Let s(g) = 2*g**3 - 5*g**2 + 53*g - 477. What is the units digit of s(18)?
1
What is the thousands digit of (-34*(-2)/(-16))/(102/816)*-53?
1
Suppose 0 = 2*b + 2, 5*u + 46*b - 22341 = 47*b. Suppose 2430 = 4*w + 3*r, 1421 - u = -5*w + r. What is the hundreds digit of w?
6
Let h be 6972/20 - 9/15. Suppose 0 = -d + h + 108. Suppose -6*y + d = 36. What is the tens digit of y?
7
Suppose -5*w + 16631 + 1707 = 3*j, -3*j + 14674 = 4*w. What is the units digit of w?
4
Suppose 3*r = -2*r + 5. Suppose l - 5*w = 19, 4*w - r = -l - 9. Suppose -5*c + 1144 = 4*y, -5*c + y = -l*y - 1135. What is the units digit of c?
8
Let w = 43105 + -21712. What is the units digit of w?
3
Let k be 1/(-4) + 8/(224/203). Suppose 0 = -k*x - 3*x + 4300. What is the hundreds digit of x?
4
Suppose 24*f = -125*f + 314688. What is the units digit of f?
2
Let z be 494 + -21 + 1*-7. Let v = -85 + z. What is the tens digit of v?
8
Let q be 4 - 40952/24 - (-12)/9. Let n = 2903 + q. What is the tens digit of n?
0
Suppose 51*d - 62*d - 80*d + 1337700 = 0. What is the hundreds digit of d?
7
Suppose 403*x = 413*x - 89540. What is the thousands digit of x?
8
Suppose 5*z - 3*a - a = -96, -5*z - 3*a - 103 = 0. Let b be 296/1*(-15)/z. Suppose 5*s = 3*s - 2*r + b, -2*s = 4*r - 222. What is the hundreds digit of s?
1
Let m = -1 - -48. Suppose -m*g + 46*g - 8 = 0. What is the units digit of g*(((-636)/(-8))/(-3) + 3)?
8
What is the thousands digit of -26*(-1497)/18 - ((-7)/(-21) - 2)?
2
Suppose -13*w + 6*w = 210. What is the units digit of (-6)/w + (10164/10)/3?
9
What is the tens digit of 8 + -5 + 5207 - (5 - 12)?
1
Let w(g) = g**3 + 2*g**2 + 7*g - 14. Let x be w(3). Let a = x + 307. What is the units digit of a?
9
Let y(f) = -f**2 - 296*f - 2416. What is the thousands digit of y(-133)?
9
Let l = -14249 + 15593. What is the tens digit of l?
4
Suppose 22*g - v = 21*g + 2993, -4*g + 11927 = 5*v. Suppose g = 20*d - 3352. What is the units digit of d?
7
Let f(t) = -379*t - 8486. What is the thousands digit of f(-114)?
4
Let q(o) = -6*o**2 - 4*o + 14. Let r(d) = 7*d**2 + 3*d - 13. Let p(l) = 5*q(l) + 6*r(l). Let k be (3 - 21/6) + (-5)/2. What is the hundreds digit of p(k)?
1
Let i be 6/27 - 60/27. Let s be (i/10 - 30/100)*-10. Suppose 4*n - 4 = 0, 6*n - 5*n = -s*v + 366. What is the tens digit of v?
7
What is the thousands digit of (5*2)/(42 + (-17709240)/421650)?
0
Let p = 9 + -4. Suppose 5*k - 571 = -2*c + 96, -404 = -3*k - 5*c. Suppose -k = -p*a + 287. What is the tens digit of a?
8
Suppose 2*y - 4*w = -10, y - 3 = w - 5. Suppose 2*l - 5 = -y. What is the units digit of (l - -42)*22/8?
1
Let a(r) = r**3 + 11*r**2 + 11*r + 14. Let m be a(-10). Let q be (1 - m)*-1 - -42. Let b = q - 20. What is the units digit of b?
5
Let g = -2985 - -3859. What is the hundreds digit of g?
8
Let k be -1*3*((-6)/18)/1. What is the units digit of (-3 - (-102)/4)/(k/26)?
5
Let n(d) = -74*d**3 - 2*d**2 + 2*d + 2. Let r be n(-2). Suppose -2*l = -4*y + 1446, -5*y + 1224 + r = -l. What is the hundreds digit of y?
3
Let r(m) = -2162*m - 2307. What is the tens digit of r(-6)?
6
Let z(c) = c + 12. Let p be z